Let n be (d + 3)*21/(-84). List the prime factors of (n + 4)*500/12.
5
Let s(x) = 4*x**2 + 4*x - 26. Let o(y) = -3*y**2 - 3*y + 25. Let v(w) = 5*o(w) + 4*s(w). Let z be v(0). What are the prime factors of (14/z)/(1/180)?
2, 3, 5
Let y = -27712 - -51147. What are the prime factors of y?
5, 43, 109
Let b(o) = 519*o + 1585. What are the prime factors of b(19)?
2, 59, 97
Let r = -140 + 127. What are the prime factors of 1 + -2 + 4 - (-252 + r)?
2, 67
Suppose -2*l - 4 = 2*l. Let k be 19 + -13 + 3*l. Suppose 4*p - 403 = -k*d, 2*d - 2*p - 340 = -76. List the prime factors of d.
7, 19
Let o be (-4)/(-5) - (-432)/135. List the prime factors of 1206/o*56/21.
2, 3, 67
Let d(q) = -87*q + 99. Let j be d(1). Let t(b) = -b**3 + 10*b + 12*b**2 + 2 - 30 + 9*b - 8*b. What are the prime factors of t(j)?
2, 13
Let j(k) = -29*k - 4. Let s be j(-1). Let v(y) = -s*y - 24*y + 53*y + 2. What are the prime factors of v(0)?
2
Let c(b) = 6*b**3 - 18*b**2 + 41*b + 2. Let s(u) = -7*u**3 + 17*u**2 - 42*u - 1. Let y(x) = -6*c(x) - 5*s(x). List the prime factors of y(18).
5, 193
Suppose 4590*x = 4602*x - 381624. List the prime factors of x.
2, 15901
Suppose c - f - f = 11, -4*f = c + 13. Let t(b) = 26*b - 36. Let a be t(5). Suppose -89 = -c*m + a. What are the prime factors of m?
61
Suppose -v = -95 - 343. Let c = v + -298. Let x = -53 + c. What are the prime factors of x?
3, 29
Let z(l) = 103*l - 418. What are the prime factors of z(30)?
2, 167
What are the prime factors of (-504)/(-567) + (-819508)/(-36)?
5, 29, 157
Let i = -36 + 20. Let j be i/(-56) + (-536)/14. Let s = j + 63. What are the prime factors of s?
5
Let w(n) = 4*n**2 + 20*n - 62. Let l(k) = -3*k**3 - 4*k**2 - 3*k - 4. Let t be l(-2). What are the prime factors of w(t)?
2, 269
Suppose h = 5*b - 33, -4*h - 52 = -3*b - b. Let n = 18 + h. Suppose -4*x - n = 2, -l + 94 = -2*x. What are the prime factors of l?
2, 11
List the prime factors of (-208)/260 - (6/(-6) - 86574/5).
5, 3463
Let a = 5954 - 783. List the prime factors of a.
5171
Let y(a) = 4*a**3 + 366*a**2 - 159*a - 224. List the prime factors of y(-91).
3, 7, 163
Let b = 38 + -9. Suppose 3*i - b = -14. Suppose 93 = i*v - 2*v. What are the prime factors of v?
31
Suppose 3*v = -6077 + 24062. What are the prime factors of v?
5, 11, 109
Let h(y) = -2*y**3 - y + 56*y**2 - 67*y**2 + 15 + y**3. What are the prime factors of h(-16)?
3, 19, 23
Let c(p) = 37*p**3 - 18*p**2 - 5*p + 69. What are the prime factors of c(5)?
4219
Let r(f) = -f**3 + 11*f**2 - 28*f + 59. Let t be r(4). Let u = -27 - -38. Suppose -u = v - t. List the prime factors of v.
2, 3
Let b be (9/(-2))/((-10)/100). Suppose -39*u = -b*u + 1260. What are the prime factors of u?
2, 3, 5, 7
Let m(q) = -332*q**3 - 19*q**2 - 49*q - 20. What are the prime factors of m(-4)?
2, 3, 5, 11
Let u(o) be the second derivative of -65*o**3/6 + 15*o**2/2 - 17*o. Let w be u(-15). Suppose -6*r + 15*r - w = 0. List the prime factors of r.
2, 5, 11
Let z(t) = 5*t - 9. Let f be z(3). Let c be (36/f)/(-18)*-12. Suppose 4*a - 100 = -c*u, 3*a = -u + 2*u + 87. What are the prime factors of a?
2, 7
Suppose -34*t = -32*t + 6. What are the prime factors of (1/t)/((-5)/30)?
2
Let c = 184 - 184. Let k(z) = 20*z + 248. What are the prime factors of k(c)?
2, 31
Let b = -22815 - -34033. What are the prime factors of b?
2, 71, 79
Suppose -m = -k - 5, 0*k = 3*k - 5*m + 25. Suppose k = 9*n + 2*n - 3201. Suppose n = -4*v + q + 728, 5*q + 550 = 5*v. What are the prime factors of v?
109
Let w(d) = -11*d**3 + 6*d**2 - 5*d + 886. Let g(n) = 7*n**3 - 4*n**2 + 3*n - 591. Let u(r) = -8*g(r) - 5*w(r). List the prime factors of u(0).
2, 149
Let x(n) = 33*n**2 - 10*n + 28. Let d be x(12). List the prime factors of ((-16)/20)/((-8)/d).
2, 233
List the prime factors of (2*(-7 + (-499)/(-6)))/((-1)/(-213)).
71, 457
Suppose 7*z + 2 = 37. Suppose 2*v = -z*h + 257, 5*v - 2*v - h = 411. What are the prime factors of v?
2, 17
Let p(q) = 2*q + 22. Suppose 45*g = 38*g - 63. Let l be p(g). Suppose 2*i = u - 102 - 51, 588 = 4*u + l*i. List the prime factors of u.
149
List the prime factors of 1688/16*(31 + 8 - 3).
2, 3, 211
Let l = -609 - -618. Suppose -2*i - 19 = -l, k + 3*i = 1294. What are the prime factors of k?
7, 11, 17
Let l(j) = 75*j**2 + 5*j + 29. What are the prime factors of l(7)?
3739
Let a(p) = p**3 + 6*p**2 - 3*p - 25. Let v be a(-5). Suppose -v = 2*y - 41. Suppose y*i - 9*i - 40 = 0. List the prime factors of i.
2, 5
Suppose -2*v - 4 = 5*l - 3*l, -l - 3 = 2*v. List the prime factors of 5 + v - (5 + -177 - -1).
5, 7
Suppose -45279 = -3*n - 277*m + 274*m, 3*n + 4*m - 45278 = 0. List the prime factors of n.
2, 7547
Suppose 0 = 4*y - p - 44315 - 53052, p - 48691 = -2*y. What are the prime factors of y?
11, 2213
Suppose u = -5, 7*g + 19*u - 14*u = 102994. List the prime factors of g.
14717
Suppose w + 2*w = -93. Let r = w + 34. Suppose 0 = 4*z - r*c - 44, -z - 3*c = -8 - 3. List the prime factors of z.
11
Suppose 0 = 3*p - 39 + 9. Suppose 0 = 5*b - p, 0 = y + 5*b - 5 - 7. List the prime factors of (328/12 - (-1)/(-3)) + y.
29
Suppose 13*l - 6576 = l. Let n = l + -136. What are the prime factors of n?
2, 103
Suppose -4*b + 6*y = 9*y - 105, 4*b + y = 115. Let w = b - 28. Suppose -204 = -5*z - 4*k, -8*z - w*k = -3*z - 212. List the prime factors of z.
2, 11
Suppose -5*n + n - 947 = -5*w, 5*w + 511 = -2*n. Let g(f) = -f**2 - 12*f - 82. Let u be g(-16). Let j = u - n. List the prime factors of j.
97
Suppose 2*h - 5*j = 62039, 0 = 20*h - 24*h + 3*j + 124071. What are the prime factors of h?
3, 7, 211
Suppose 3*z + 812 = -0*z + 4*n, -10 = -2*n. Let l = z - 4. Let g = -70 - l. List the prime factors of g.
2, 3, 11
Let m(h) = -2*h + 86. Let v be m(-6). Let q = 239 - v. List the prime factors of q.
3, 47
Let j = 10901 + -2975. List the prime factors of j.
2, 3, 1321
Let y(b) = 37*b**3 + 2*b + 4 - 9*b**3 - 10*b**3 - 7*b**2. What are the prime factors of y(2)?
2, 31
Suppose 5*k - 1327 = 3*d - 16, 3*d + 6 = 0. What are the prime factors of 4/(-2 + 1)*k/(-3)?
2, 3, 29
Suppose 3*m + 59237 = 2*z, 1498*z + 29601 = 1499*z - 4*m. List the prime factors of z.
29629
Let y(u) = 23*u**2 - 13*u + 32. Let d be y(5). List the prime factors of (-6)/36*0 + d.
2, 271
Suppose 0 = -6*c + 147792 - 37074. What are the prime factors of c?
3, 6151
Let g = 1031 + 6338. What are the prime factors of g?
7369
Suppose -25 = -3*j + 2. Suppose 0 = 5*u - 4*o + j*o - 2385, -5*o - 919 = -2*u. What are the prime factors of u?
2, 59
Suppose 33651 = 21*i - 10386. What are the prime factors of i?
3, 233
Suppose -37944 = 22*f - 138*f + 1338744. List the prime factors of f.
2, 3, 23, 43
Let s(i) = -8*i - 4. Let a be s(-1). Suppose -2*z - a*k = 0, -k - 21 = -2*z + 2*k. Suppose -d - z = 4*y, -8*y + 4*y = 4*d. What are the prime factors of d?
2
Let p(o) = o**3 - 21*o**2 + 18*o + 32. Let k be p(20). Suppose 0 = 2*u - 2*l - 202 - 70, 272 = 2*u + 5*l. Let w = u - k. List the prime factors of w.
2, 3
Let d(j) = -41*j**3 + 6*j**2 + 5*j + 11. Suppose 0 = g - 15 + 10. Let l be d(g). What are the prime factors of -2*((-2)/(-6) - l/(-66))?
149
Let h(v) = -13*v**2 + 6*v + 35. Let i(a) = 15*a**2 - 4*a - 37. Let s(p) = -4*h(p) - 3*i(p). What are the prime factors of s(-11)?
2, 5, 19
Suppose y = 5*h - 11, -3*h + 25 = 6*y - 2*y. Suppose -m + 243 = p, -p = -5*p + h*m + 965. What are the prime factors of p?
2, 11
Let n = 30693 - 15822. What are the prime factors of n?
3, 4957
Suppose 7*o = 9*o + 1914. Let k = o + 2120. What are the prime factors of k?
1163
Let u(x) = 8*x - 15 - 4*x + 22*x - 6*x - x**2. List the prime factors of u(9).
2, 3, 7
Let h(w) = 1565*w**2 - 230*w - 960. List the prime factors of h(-4).
2, 5
Let o(s) = 2*s**3 + 9*s**2 + 4*s - 2. Let k be o(5). Suppose -5*b + 5*u = -2048 + k, 4*b - 5*u - 1241 = 0. What are the prime factors of b?
2, 157
Suppose 0 = -213*v + 201*v + 48. Let p = 304 - 199. Suppose a - 3*f = p + 172, 5*a - 1442 = -v*f. List the prime factors of a.
2, 11, 13
Let y = -836 + 13340. List the prime factors of y.
2, 3, 521
Suppose c + 2*c = 3. Let v(h) = 7 - h + 0 + c - 1. List the prime factors of v(5).
2
Let v(x) = 98 - 3*x + 15*x - 80 + x**3 + 11*x**2. Let g be v(-10). List the prime factors of (-1984)/(-8) + (g + 4 - -2).
2, 3, 7
Let o(b) = b + 950. Let c be o(0). Suppose -4*y + p +